 + 11, -6 = -2*w - 2*j. Calculate the highest common factor of w and 45.
5
Let p(o) = -o**3 - 3*o**2 - o + 10. Let d be p(-5). Calculate the highest common factor of d and 10.
5
Let p(b) = 5*b + 1. Let a = -7 + 9. Let f be p(a). Let u = 283 - 162. What is the greatest common factor of f and u?
11
Let v = -194 + 334. Suppose -5*x - 5*r + 200 = 0, -x - r - v = -4*x. What is the greatest common divisor of 5 and x?
5
Suppose -2*x + 64 = -20. Calculate the highest common factor of 28 and x.
14
Let a(v) = -v**3 - 3*v**2 - 2*v - 4. Let n be a(-3). What is the greatest common divisor of 2 and n?
2
Suppose -216 = -16*i + 12*i. What is the highest common factor of i and 6?
6
Suppose -3*k + 4*k + 4*h - 6 = 0, 36 = 3*k + 3*h. What is the highest common divisor of 70 and k?
14
Let y(x) = 2*x**2 + 11*x - 21. Let o be y(-9). Let j = 44 + -23. Calculate the greatest common factor of j and o.
21
Suppose 4*v = 3*v + 9. What is the greatest common divisor of v and 99?
9
Suppose 5 = 2*t + 1. Suppose 11 = 3*d + 2*y, d + 4*y = t - 15. Suppose -z + 5*i = -22, z - 2*z - i + 4 = 0. What is the greatest common divisor of d and z?
7
Suppose 5*m - 168 = 5*r - 13, 0 = -3*m + r + 95. Let f = m + -49. Let w = 26 + f. What is the greatest common factor of 9 and w?
9
Suppose -4*p = -71 - 41. What is the greatest common factor of p and 14?
14
Let j be (744/(-9))/((-1)/3). What is the highest common divisor of j and 31?
31
Let r(p) = 142*p - 2. Let u(g) = 213*g - 3. Let x(a) = -8*r(a) + 5*u(a). Let d be x(-1). What is the greatest common divisor of 8 and d?
8
Let u be (-5 - (-92)/4) + 0/2. Calculate the highest common divisor of u and 2.
2
Suppose 0 = k - 7 + 5. Calculate the greatest common divisor of 32 and k.
2
Let b = -187 + 286. Calculate the greatest common divisor of 11 and b.
11
Let y = 65 + -45. What is the greatest common factor of 4 and y?
4
Let j(l) = -19*l + 23. Let g be j(-11). What is the highest common divisor of 29 and g?
29
Suppose 2*z = -3*z + 20. Suppose -z*u - 4*w = -2*w - 152, -136 = -3*u + 4*w. Suppose 0*k - 2*k + 32 = 0. Calculate the greatest common divisor of k and u.
8
Let p be (4/(-3))/((-4)/6). Suppose -3*x = -p*y + 36 + 2, -5*y + x = -69. Let v = -12 - -25. Calculate the highest common factor of v and y.
13
Suppose c = 6*c. Suppose 3*l - l + v - 1 = c, 4*v - 12 = 0. Let s(r) = -12*r**3 - r**2 - 2*r - 1. Let a be s(l). What is the greatest common factor of 36 and a?
12
Let x be (5/4)/(-5) + 51/12. What is the highest common divisor of 8 and x?
4
Let z(s) = 2*s**2 + 6*s + 4. Suppose 5*x - 3*q + 33 = 13, -2*x - 4*q = 8. Let k be z(x). What is the greatest common factor of k and 18?
6
Suppose -10*s + 5*s = -360. Let m(x) = 2*x + 1. Let w be m(4). Calculate the greatest common divisor of w and s.
9
Suppose 21 = t - 6. Suppose -3*w + 80 = 4*x + 19, -5*w + 3*x + 150 = 0. Calculate the highest common divisor of t and w.
27
Suppose 5*n + 421 = k, k - 25 = n + 392. Suppose 0 = 4*g - 0*g - k. Let v = 32 + -19. Calculate the highest common factor of v and g.
13
Let s(z) = z**2 - 6*z + 1. Let d be s(4). Let n be 1177/77 + 2/d. What is the highest common factor of 3 and n?
3
Let y(m) be the third derivative of -m**5/60 + m**4/3 - 7*m**3/6 + m**2. Let b be y(5). Suppose 33 = -5*g + 353. What is the highest common factor of b and g?
8
Let s = -8 - -26. Suppose -i = -s - 52. Calculate the highest common divisor of 10 and i.
10
Let h be (-1)/3 - (-104)/6. Suppose 3*w - 34 = w. What is the highest common factor of w and h?
17
Suppose -11*k + 16*k - 160 = 0. Calculate the highest common factor of 4 and k.
4
Suppose 2*h + 3*h = 10. Suppose 0 = -h*v + v + 16. Suppose -5*p + 4*f - 8 = -58, -2*f = -p + v. What is the greatest common divisor of p and 6?
6
Let z be 1/(105/51 - 2). Let l = -8 + z. Calculate the highest common factor of l and 45.
9
Suppose 0 = x + 5*y - 10, 2*x - 3*x + 8 = 3*y. Suppose -x*g + 6 = -4*o, -2*o = -2*g + 2*o. Calculate the greatest common divisor of g and 8.
2
Let b = 18 + 47. What is the highest common divisor of 26 and b?
13
Suppose 0 = -d + 5*d - 60. Let k(j) = -j**3 + 7*j**2 + 12*j - 2. Let w be k(8). What is the greatest common divisor of d and w?
15
Let g = -76 + 218. Suppose -g = -4*k + 114. What is the highest common factor of k and 8?
8
Let h be -5 + 76/16 - (-10)/8. Calculate the greatest common divisor of h and 3.
1
Let r(g) = -g**3 - 9*g**2 - 6*g + 4. Let b(n) = -n + 1. Let s(v) = 6*b(v) - r(v). Let l be s(-8). Calculate the highest common factor of l and 6.
6
Suppose 2*n + 3 = -3*q - 2*n, -15 = 5*n. Suppose -c - 6*k + q*k = -94, -2*c + 2*k + 172 = 0. What is the highest common factor of c and 11?
11
Let k(z) = z**2 - 9*z - 2. Let u be k(10). Let i be (-175)/14*u/10. Let h be (-4)/i + 218/5. Calculate the highest common factor of h and 11.
11
Let j = -109 + 181. What is the highest common divisor of j and 8?
8
Let m(a) = -17*a**3 + a**2 + a + 1. Let z be m(-1). Suppose -4*f + 32 = -3*f. Let b = -5 + f. Calculate the greatest common factor of z and b.
9
Let c be (-58)/(-6) - 5/(-15). Suppose 78 = 2*l - 82. Calculate the highest common divisor of c and l.
10
Suppose -3*k = -4*k + 2. Calculate the highest common factor of 8 and k.
2
Let r(a) = a + 4. Let d be r(-2). Let t be -1*(1 + -2) + 3. Suppose -m - 1 = -t. What is the greatest common divisor of d and m?
1
Let y be 41/5 + 2 + (-3)/15. Calculate the highest common divisor of 40 and y.
10
Let x = -5 - -7. Let k = x - -2. Let l be 183/4 - (-1)/k. What is the highest common divisor of l and 115?
23
Let k be 0 - (-6)/(-9)*3. Let h be (-11)/(1 - 2) - k. What is the greatest common divisor of 65 and h?
13
Let r(s) = -s**3 - 10*s**2 + 11*s + 8. Let u be r(-11). Calculate the highest common divisor of 2 and u.
2
Let q be 8/10*100/10. What is the highest common factor of 12 and q?
4
Let t(k) = 9*k**2 - 2*k - 2. Let y be 3*7*4/12. Let u = y + -5. Let n be t(u). What is the highest common factor of 15 and n?
15
Let g(x) = -2*x**2 - 5*x - 7. Let z be g(-7). Let d = 3 + -2. Let t be z/4*d*-4. What is the highest common factor of t and 14?
14
Let g(k) = 0*k**2 - k + k**2 + 0*k**2. Let r be g(3). Suppose 4*y - 4 = 4. Calculate the highest common divisor of y and r.
2
Suppose 3*s - l + 2 = 0, -5 = 3*s + 4*l + 2. Suppose p + 6 = -p + w, 0 = 2*p + 4*w + 16. Let o = s - p. Calculate the highest common divisor of 33 and o.
3
Suppose 12*b - 137 = 319. Calculate the greatest common factor of b and 133.
19
Let n = -9 + 11. Suppose -n*p + t = -1, 0 = -2*p + 2*t + t - 9. What is the greatest common divisor of p and 24?
3
Suppose -4*s = 2*m - 156, 0 = -5*m - 2*s - s + 362. Let z(i) = 2*i**2 - i + 4. Let g be z(2). What is the greatest common divisor of g and m?
10
Suppose -31 = -4*j + 3*c, j = 4*c - 5 + 3. What is the highest common divisor of 4 and j?
2
Let a be (2 - -1)/((9/48)/1). Calculate the highest common divisor of a and 2.
2
Let o be 6/12*12/(-1). Let r be ((-4)/o*-6)/1. Let d be (1 - 2)*32/r. Calculate the highest common divisor of d and 20.
4
Let g(z) = -z**2 - 6*z + 5. Let v be g(-6). Suppose v*u - 15 = 15. Calculate the greatest common divisor of u and 12.
6
Let i(y) = -y**3 + 14*y**2 + 24. Let g be i(14). Calculate the highest common divisor of g and 3.
3
Suppose -20 = 4*y, 5*y + 17 = -2*w - 0*w. Suppose w*j = -j + 30. Let z be (14*1 - 0)*3. Calculate the highest common divisor of j and z.
6
Let a = 8 + -4. Suppose a*n - 2*h = 3*n, -5*n - 4*h + 70 = 0. Calculate the greatest common divisor of 10 and n.
10
Suppose p - 3*b = 106, 7*b - 130 = -p + 2*b. What is the greatest common factor of p and 23?
23
Suppose 0 = 7*l - 3*l - 24. Suppose -l*x = -2*x - 80. Calculate the greatest common factor of x and 40.
20
Suppose 0 = 5*x - s - 4*s - 305, 2*x - 124 = s. What is the greatest common divisor of x and 9?
9
Suppose 8 = -2*b, -5*r + 3*b + b = -36. Suppose -r*q = -q - 78. Calculate the highest common divisor of q and 208.
26
Let q(n) = -n + 8. Let u be q(5). Suppose -u*p = 7 - 106. What is the highest common factor of p and 3?
3
Let r(a) = -a**2 + 11*a + 1. Suppose l + 2*l = 30. Let x be r(l). What is the highest common factor of x and 1?
1
Let f be (-339)/(-21) + (-4)/28. What is the greatest common factor of f and 96?
16
Let g = 53 - 48. Calculate the highest common divisor of g and 65.
5
Let s(i) 